reatest common divisor of x and 27?
9
Let y(q) = -q**3 - 18*q**2 + 17*q - 27. Let c be y(-19). Let w be ((-246)/9)/(-3 + c/3). Let z = w + 56. What is the highest common factor of z and 135?
15
Let n = -7383 + 7432. What is the highest common factor of n and 161?
7
Let h = -3137 - -3162. Calculate the highest common factor of 1165 and h.
5
Let r = -118 - -128. Suppose 3*b - 2 = r. What is the greatest common divisor of 4 and b?
4
Suppose -6*w + 50469 = 555. What is the greatest common divisor of 141 and w?
141
Suppose 2*m - z - 822 = 0, 0 = -2*m + 3*m - 4*z - 432. Calculate the highest common factor of m and 221.
17
Let k(x) = 117*x - 5706. Let l be k(52). What is the highest common factor of l and 108?
54
Suppose -3*x + 2*x = -7. Let k be (-2 + 4)*30/6. Let n be (48/(-40))/(-6) + 768/k. What is the greatest common divisor of n and x?
7
Suppose -4*v + 2*x + 6032 = 0, 0 = -x + 6 - 8. Suppose 2*u - v + 403 = 0. What is the greatest common divisor of u and 24?
24
Let k(q) = -q**3 - 21*q**2 - 19*q + 40. Let w be k(-20). Suppose m - 5*y = 24, -14 = m + y - w. What is the highest common divisor of m and 369?
9
Let x be (-31)/(-11) + ((-24)/(-11) - 2). Suppose -6*n + 513 = -x*n. What is the greatest common divisor of 57 and n?
57
Let j be (-5 + 2)*183*4/18. Let g = j - -144. What is the greatest common factor of g and 121?
11
Let o = -7990 - -8220. Calculate the highest common factor of o and 290.
10
Let a(y) = -19*y - 3. Let d be a(-1). Suppose 669 = -2*m + 3*p + 165, 4*p = d. Let g be (0 - m)*(-3)/(-2). What is the greatest common divisor of 41 and g?
41
Let i(z) = -31*z. Let x be i(-2). Let n = 65 - x. Suppose -n*w - 84 = -10*w. Calculate the greatest common divisor of w and 66.
6
Suppose 0 = 9*a - 14*a + 20, -3*z = -a - 212. Calculate the greatest common divisor of 6156 and z.
36
Let p be (13 - 84/8)*186. Calculate the highest common factor of p and 372.
93
Suppose 80*q + 2*a - 80 = 77*q, 0 = 4*q + a - 110. What is the greatest common factor of 3066 and q?
14
Suppose 2*y = -k + y - 6, y = 5*k + 36. Let x be 1/k - (-124792)/266. Calculate the highest common factor of x and 7.
7
Let k be 3*((-88)/6)/(-1). Suppose 8*l + 328 = -464. Let i = -95 - l. What is the greatest common factor of k and i?
4
Let u be -1 - (2 + -61*10). Suppose -2563 = -3*k - u. Let l be 2/5 + 4/(80/k). Calculate the highest common divisor of 22 and l.
11
Suppose 4*s - 24 = 0, -j - 5*s = -463 + 178. What is the greatest common divisor of 15 and j?
15
Let t be -1 - -7 - (0 + -2). Let i(z) = 13 - 4*z**2 + 33*z + 3*z**2 - 26*z + 2*z. Let n be i(t). Calculate the highest common divisor of 3 and n.
3
Suppose 26*b + 4204 = 2*i + 30*b, i + 4*b - 2094 = 0. What is the greatest common factor of i and 90?
10
Let y = 144 + -139. Suppose r - y*j = 44, -112 = -5*r + 5*j + 128. Suppose -2*f = q - 3*f - 8, 3*q + 2*f = r. What is the highest common factor of 1 and q?
1
Let m be ((51/2)/(-3))/((-1)/62). Suppose n - 2*y = 176, -n = -4*n + 5*y + m. What is the greatest common divisor of n and 6?
6
Let l = 169 - 169. Suppose 3*f = 0, -2*a - a - f + 111 = l. Calculate the greatest common factor of 111 and a.
37
Suppose 4*v - 4*l = -24, 3*v + l + 1 = 15. Let s be 3/(-1) + (7 - -34). Calculate the greatest common divisor of v and s.
2
Let i be 8 + (-647)/(-18) + (-3)/(-54). What is the highest common factor of 1815 and i?
11
Let d = 4003 - 3442. Calculate the highest common divisor of 18 and d.
3
Suppose 11*q = 7*q - i + 38, 3 = q - 3*i. Suppose -q*u + 6085 = 1639. Calculate the greatest common divisor of 26 and u.
26
Let b(y) = 7*y - 1. Let z be b(2). Let x be 16/(0 + 5/(-70)). Let w = 315 + x. What is the highest common divisor of w and z?
13
Suppose -29*c = -6*c - 8602. What is the highest common factor of c and 22?
22
Suppose -d + 17 = 3*c, 14*c - 17*c = -15. What is the greatest common factor of 20 and d?
2
Let n(y) = -3*y**2 + 18*y - 1. Let a be n(5). Suppose -l = -a*l + 195. What is the greatest common divisor of 6 and l?
3
Let r = 5250 + -5062. What is the greatest common factor of r and 44?
4
Suppose -29*u = -32*u + 162. Let f = -328 - -611. Suppose 5*a - f = 5*p + 397, 3*p = -2*a + 267. Calculate the greatest common divisor of u and a.
27
Let q(y) = 3*y**2 + 31*y + 182. Let s be q(-7). Calculate the highest common divisor of 48 and s.
16
Let a = -485 + 488. Suppose a*k = 3*m - 198, 2*k - 118 = -5*m + 233. What is the greatest common divisor of m and 1794?
69
Suppose -93 = 2*j - 125. Calculate the greatest common factor of j and 13.
1
Let p be 10296/55 - 1/5. Let x(o) = -o**3 + 6*o**2 + 6*o - 7. Let v be x(5). Let g = 65 - v. What is the greatest common divisor of p and g?
17
Let d = -47 + 53. Let x be 2366/21 - d*(-3)/(-27). Calculate the greatest common divisor of x and 168.
56
Let t(l) = 653*l + 546. Let u be t(2). Calculate the greatest common factor of 16 and u.
4
Let u be 426 - 15/5 - (-1 + 1). Let j be (-4)/8 - u/(-6). What is the highest common divisor of 910 and j?
70
Let y(g) = -372*g - 1092. Let i be y(-4). Calculate the highest common factor of 117 and i.
9
Let t = -196 - -199. Let w(g) = 21*g**3 - 2*g**2 - 11*g + 15. Let d be w(t). What is the greatest common divisor of 59 and d?
59
Let g be 3 + (44/(-12) - -3)*-489. Suppose -5*v + 6*v - 103 = 2*m, 3*v - m = g. Calculate the greatest common divisor of 148 and v.
37
Let h = 142 + -167. Let a = h + 32. Suppose a*k - 924 = k. What is the highest common factor of 14 and k?
14
Let c(m) = 1425*m**2 - m + 17. Let v be c(-1). Calculate the greatest common divisor of 999 and v.
111
Let u(q) = q**2 + 12*q - 2. Let h be u(-13). Suppose h*v = 22*v - 484. What is the greatest common divisor of v and 506?
22
Suppose -30 = -16*a + 13*a - 3*d, 4*a - 28 = -d. Let b be (0 - 19)/((-51)/a + 8). Calculate the highest common divisor of 1216 and b.
38
Suppose 16*c = 63*c - 2256. Let x = c + -28. Calculate the highest common divisor of 490 and x.
10
Let h = 4418 + -4282. What is the highest common factor of h and 204?
68
Let s = 752 + -710. Calculate the highest common divisor of 8106 and s.
42
Suppose 12*q - 130*q = -6086 - 14092. Let t = -280 - -394. What is the greatest common divisor of t and q?
57
Let m be 199 + (-1 - -5)/(6/(-18)*-3). What is the greatest common divisor of 2407 and m?
29
Let f(c) = -18*c + 287. Let h be f(14). What is the highest common divisor of 5 and h?
5
Suppose -9*v - 2685 = -264. Let m = v - -349. Calculate the highest common divisor of m and 140.
20
Suppose 0 = -2*f - 3*t + 59 + 13, 40 = 2*f - t. Suppose 0 = 4*h - 0*h - 384. What is the highest common factor of f and h?
24
Suppose 5*w + 4*z = -0*z - 19, 14 = -4*w - 2*z. Let n be (29 - 35) + (-279)/w. What is the greatest common divisor of n and 3?
3
Let z = -158 + 173. Suppose 0 = -z*p + 581 - 26. What is the greatest common factor of 370 and p?
37
Let u be -3*(26/(-12) - (396/(-24) + 18)). Calculate the highest common factor of 77 and u.
11
Let t be -6 - 2 - (-3404 + 8)/1. What is the greatest common factor of t and 28?
28
Suppose 4*o = 3*x + 35, -72 + 57 = -4*o - x. Calculate the highest common factor of 1055 and o.
5
Suppose 141*z = 25*z + 31320. Let j(d) = 6*d - 2. Let s be j(2). Calculate the highest common divisor of z and s.
10
Suppose 0 = 6*h - 382 + 358. Suppose 2*l - 592 = -4*n, -h*l = -2*n + 7*n - 1190. Calculate the highest common factor of 24 and l.
12
Suppose 2*v + 282 = -2*o, -v = 2*o - 6*o - 549. Let y = 273 + o. What is the greatest common factor of 30 and y?
15
Suppose -15*d = 9 - 9. Suppose d = -9*f + 87 + 75. What is the greatest common factor of 36 and f?
18
Let t = -40 + 4. Let o = 72 - t. Let q be (2/9 + 56/(-36))*(-387)/43. What is the greatest common factor of o and q?
12
Let u(p) = p**3 + 29*p**2 + p + 39. Let i be u(-29). Let o(h) = -h**3 + 10*h**2 + 7. Let d be o(i). Calculate the greatest common divisor of 168 and d.
7
Let c be (1148/(-20) + 1)/(-2 - 51/(-30)). What is the greatest common factor of 611 and c?
47
Let j(f) = -f**3 + 44*f**2 + 57*f + 160. Let h be j(39). What is the greatest common divisor of h and 44?
44
Suppose -19*q = 19*q + 15*q - 636. What is the highest common divisor of q and 7968?
12
Suppose 5*o + 2*d - 37 = 13, 5*o - 5*d = 85. Let r be 662/15 - 4/30. Calculate the greatest common factor of o and r.
4
Let l be 22 + 6 +